ctors of 16551.
3, 613
What are the prime factors of 2945?
5, 19, 31
What are the prime factors of 1002?
2, 3, 167
What are the prime factors of 7679?
7, 1097
List the prime factors of 570.
2, 3, 5, 19
List the prime factors of 295.
5, 59
List the prime factors of 8990.
2, 5, 29, 31
List the prime factors of 5475.
3, 5, 73
What are the prime factors of 78691?
78691
List the prime factors of 30375.
3, 5
List the prime factors of 375.
3, 5
List the prime factors of 5138.
2, 7, 367
What are the prime factors of 417?
3, 139
List the prime factors of 646.
2, 17, 19
What are the prime factors of 425?
5, 17
What are the prime factors of 430?
2, 5, 43
What are the prime factors of 5449?
5449
List the prime factors of 116.
2, 29
What are the prime factors of 6220?
2, 5, 311
What are the prime factors of 17494?
2, 8747
What are the prime factors of 53006?
2, 17, 1559
What are the prime factors of 69478?
2, 34739
List the prime factors of 75590.
2, 5, 7559
What are the prime factors of 3025?
5, 11
List the prime factors of 9011.
9011
What are the prime factors of 26904?
2, 3, 19, 59
List the prime factors of 6427.
6427
List the prime factors of 2805.
3, 5, 11, 17
What are the prime factors of 6499?
67, 97
List the prime factors of 1759.
1759
List the prime factors of 45370.
2, 5, 13, 349
What are the prime factors of 1674?
2, 3, 31
List the prime factors of 15.
3, 5
List the prime factors of 15066.
2, 3, 31
List the prime factors of 37390.
2, 5, 3739
List the prime factors of 77730.
2, 3, 5, 2591
List the prime factors of 2809.
53
What are the prime factors of 7402?
2, 3701
List the prime factors of 34217.
34217
List the prime factors of 5040.
2, 3, 5, 7
What are the prime factors of 12368?
2, 773
List the prime factors of 17975.
5, 719
List the prime factors of 3403.
41, 83
List the prime factors of 4647.
3, 1549
List the prime factors of 829.
829
What are the prime factors of 54079?
41, 1319
List the prime factors of 11325.
3, 5, 151
List the prime factors of 1364.
2, 11, 31
List the prime factors of 7142.
2, 3571
List the prime factors of 4190.
2, 5, 419
What are the prime factors of 2152?
2, 269
What are the prime factors of 12978?
2, 3, 7, 103
What are the prime factors of 12287?
11, 1117
What are the prime factors of 27203?
11, 2473
List the prime factors of 3912.
2, 3, 163
What are the prime factors of 7741?
7741
List the prime factors of 5312.
2, 83
List the prime factors of 2557.
2557
What are the prime factors of 2915?
5, 11, 53
List the prime factors of 420.
2, 3, 5, 7
List the prime factors of 130518.
2, 3, 2417
What are the prime factors of 2073?
3, 691
List the prime factors of 822.
2, 3, 137
What are the prime factors of 10067?
10067
What are the prime factors of 3731?
7, 13, 41
What are the prime factors of 4585?
5, 7, 131
What are the prime factors of 4160?
2, 5, 13
What are the prime factors of 1423?
1423
List the prime factors of 5356.
2, 13, 103
What are the prime factors of 2727?
3, 101
List the prime factors of 21999.
3, 7333
List the prime factors of 3031.
7, 433
What are the prime factors of 33436?
2, 13, 643
What are the prime factors of 27178?
2, 107, 127
List the prime factors of 631.
631
What are the prime factors of 344?
2, 43
List the prime factors of 3933.
3, 19, 23
What are the prime factors of 2361?
3, 787
List the prime factors of 2518.
2, 1259
What are the prime factors of 5400?
2, 3, 5
List the prime factors of 439.
439
List the prime factors of 5941.
13, 457
What are the prime factors of 139?
139
List the prime factors of 49267.
19, 2593
What are the prime factors of 2274?
2, 3, 379
What are the prime factors of 42869?
163, 263
List the prime factors of 17093.
17093
What are the prime factors of 49095?
3, 5, 1091
What are the prime factors of 2988?
2, 3, 83
What are the prime factors of 9318?
2, 3, 1553
List the prime factors of 140.
2, 5, 7
List the prime factors of 587.
587
List the prime factors of 873.
3, 97
What are the prime factors of 8149?
29, 281
What are the prime factors of 621?
3, 23
What are the prime factors of 1721?
1721
What are the prime factors of 14694?
2, 3, 31, 79
What are the prime factors of 2872?
2, 359
What are the prime factors of 106758?
2, 3, 659
List the prime factors of 8771.
7, 179
List the prime factors of 41465.
5, 8293
List the prime factors of 972.
2, 3
What are the prime factors of 52986?
2, 3, 8831
What are the prime factors of 37174?
2, 18587
List the prime factors of 1535.
5, 307
What are the prime factors of 15228?
2, 3, 47
What are the prime factors of 1139?
17, 67
List the prime factors of 168.
2, 3, 7
List the prime factors of 19743.
3, 6581
List the prime factors of 33.
3, 11
List the prime factors of 15171.
3, 13, 389
What are the prime factors of 694?
2, 347
What are the prime factors of 62752?
2, 37, 53
What are the prime factors of 923?
13, 71
What are the prime factors of 24222?
2, 3, 11, 367
List the prime factors of 1330.
2, 5, 7, 19
List the prime factors of 658.
2, 7, 47
What are the prime factors of 341?
11, 31
What are the prime factors of 2813?
29, 97
What are the prime factors of 231?
3, 7, 11
What are the prime factors of 29516?
2, 47, 157
List the prime factors of 3313.
3313
What are the prime factors of 817?
19, 43
What are the prime factors of 25917?
3, 53, 163
List the prime factors of 5480.
2, 5, 137
List the prime factors of 591.
3, 197
List the prime factors of 21088.
2, 659
What are the prime factors of 32561?
32561
List the prime factors of 7054.
2, 3527
List the prime factors of 109583.
109583
What are the prime factors of 187705?
5, 7, 31, 173
What are the prime factors of 2489?
19, 131
What are the prime factors of 562?
2, 281
What are the prime factors of 367?
367
List the prime factors of 64254.
2, 3, 10709
List the prime factors of 579.
3, 193
What are the prime factors of 62353?
23, 2711
List the prime factors of 926.
2, 463
What are the prime factors of 3930?
2, 3, 5, 131
What are the prime factors of 1053?
3, 13
What are the prime factors of 17627?
17627
What are the prime factors of 12570?
2, 3, 5, 419
What are the prime factors of 144156?
2, 3, 41, 293
What are the prime factors of 1149?
3, 383
What are the prime factors of 2257?
37, 61
List the prime factors of 34118.
2, 7, 2437
What are the prime factors of 94951?
94951
What are the prime factors of 31781?
61, 521
What are the prime factors of 56812?
2, 7, 2029
What are the prime factors of 13446?
2, 3, 83
List the prime factors of 4863.
3, 1621
What are the prime factors of 25481?
83, 307
What are the prime factors of 9123?
3, 3041
List the prime factors of 2087.
2087
List the prime factors of 19239.
3, 11, 53
List the prime factors of 35729.
35729
What are the prime factors of 108896?
2, 41, 83
List the prime factors of 10347.
3, 3449
What are the prime factors of 105967?
105967
List the prime factors of 127225.
5, 7, 727
What are the prime factors of 47399?
11, 31, 139
List the prime factors of 94464.
2, 3, 41
What are the prime factors of 4544?
2, 71
List the prime factors of 382.
2, 191
What are the prime factors of 45?
3, 5
List the prime factors of 15265.
5, 43, 71
What are the prime factors of 2584?
2, 17, 19
What are the prime factors of 4936?
2, 617
What are the prime factors of 95234?
2, 17, 2801
List the prime factors of 2910.
2, 3, 5, 97
List the prime factors of 5051.
5051
List the prime factors of 621.
3, 23
List the prime factors of 4065.
3, 5, 271
List the prime factors of 93.
3, 31
What are the prime factors of 13653?
3, 37, 41
List the prime factors of 11191.
19, 31
List the prime factors of 389.
389
What are the prime factors of 200?
2, 5
List the prime factors of 11768.
2, 1471
List the prime factors of 41.
41
What are the prime factors of 33876?
2, 3, 941
What are the prime factors of 5355?
3, 5, 7, 17
What are the prime factors of 5833?
19, 307
What are the prime factors of 1030?
2, 5, 103
List the prime factors of 34701.
3, 43, 269
List the prime factors of 10710.
2, 3, 5, 7, 17
What are the prime factors of 407?
11, 37
What are the prime factors of 369?
3, 41
What are the prime factors of 1478?
2, 739
List the prime factors of 17886.
2, 3, 11, 271
List the prime factors of 171237.
3, 11, 5189
List the prime factors of 201.
3, 67
What are the prime factors of 1